6b3 (base 16) to base 7.
-40612
What is 151000 (base 8) in base 6?
1052520
-140425 (base 6) to base 3
-122222222
Convert 352 (base 6) to base 16.
8c
Convert -2114 (base 8) to base 16.
-44c
3453 (base 7) to base 14
663
Convert 101010001011111 (base 2) to base 5.
1142344
Convert 176 (base 8) to base 3.
11200
What is -3223 (base 5) in base 16?
-1b6
What is 653 (base 13) in base 9?
1432
Convert 3598 (base 10) to base 7.
13330
10055 (base 7) to base 8
4611
What is -182 (base 16) in base 7?
-1061
Convert 1250 (base 12) to base 5.
31301
-3ce (base 15) to base 16
-365
13060 (base 7) to base 4
312100
What is 3302113 (base 4) in base 11?
10721
Convert 18683 (base 9) to base 7.
52524
-735 (base 8) to base 11
-3a4
2562 (base 8) to base 15
62e
What is 15425 (base 8) in base 11?
5233
Convert -19c (base 15) to base 8.
-564
What is 8950 (base 10) in base 8?
21366
What is -6942 (base 12) in base 13?
-5441
What is -201201122 (base 3) in base 13?
-6713
What is -72 (base 16) in base 12?
-96
-b6c8 (base 13) to base 4
-12030001
101a (base 14) to base 13
134c
What is -10123200 (base 4) in base 2?
-100011011100000
Convert -12 (base 3) to base 10.
-5
-14ca (base 13) to base 10
-3039
-12023333 (base 4) to base 2
-110001011111111
Convert -1d1 (base 14) to base 4.
-11323
Convert -110001101111 (base 2) to base 9.
-4326
What is 1032132 (base 5) in base 14?
66ac
Convert -4b77 (base 14) to base 6.
-141141
Convert -1152 (base 10) to base 9.
-1520
1773 (base 10) to base 7
5112
Convert -22323 (base 4) to base 2.
-1010111011
Convert 3421 (base 5) to base 3.
200000
What is 67a2 (base 11) in base 14?
338d
What is -1432322 (base 5) in base 4?
-13122001
What is 2536 (base 12) in base 11?
3195
What is 274 (base 10) in base 15?
134
What is -10111101 (base 2) in base 3?
-21000
What is 2135 (base 11) in base 3?
10212111
Convert 544 (base 6) to base 7.
415
What is 129ba (base 13) in base 5?
2102004
What is -2853 (base 10) in base 12?
-1799
12223 (base 5) to base 11
783
What is 1000100010011 (base 2) in base 14?
1843
What is 3021 (base 4) in base 16?
c9
4bc (base 16) to base 11
a02
Convert 3b6 (base 14) to base 3.
1000201
Convert 112102200 (base 3) to base 11.
79a5
-8ac (base 13) to base 5
-21434
What is 354 (base 8) in base 3?
22202
Convert 3042 (base 5) to base 2.
110001101
2207 (base 8) to base 13
6b2
What is 723 (base 13) in base 8?
2274
843 (base 10) to base 15
3b3
What is -1a64 (base 16) in base 4?
-1221210
Convert -15347 (base 11) to base 13.
-9b60
What is 1c2 (base 14) in base 4?
11232
-111010100100 (base 2) to base 4
-322210
What is -1200110 (base 3) in base 7?
-3402
-481 (base 9) to base 5
-3042
-3725 (base 14) to base 3
-111012221
-1850 (base 9) to base 7
-4101
925 (base 12) to base 2
10100101101
What is -69b (base 12) in base 11?
-814
Convert 10211 (base 4) to base 6.
1205
-343455 (base 7) to base 8
-167552
Convert a2c (base 16) to base 7.
10410
Convert 2202002021 (base 3) to base 11.
37638
What is 16414 (base 8) in base 10?
7436
30165 (base 7) to base 11
5536
-6066 (base 9) to base 16
-1152
What is -1110022 (base 3) in base 6?
-4525
What is 111001111011110 (base 2) in base 12?
151ba
-10100110 (base 2) to base 13
-ca
Convert -1002101112 (base 3) to base 4.
-11032301
What is -926 (base 13) in base 2?
-11000010001
What is 101111 (base 2) in base 9?
52
Convert 42 (base 10) to base 15.
2c
Convert 362 (base 12) to base 8.
772
Convert 726 (base 8) to base 5.
3340
Convert -215461 (base 7) to base 9.
-57067
Convert -818 (base 10) to base 15.
-398
-1a49 (base 13) to base 9
-5366
Convert 30212100 (base 4) to base 15.
10450
-12872 (base 9) to base 15
-28c2
What is 11022 (base 6) in base 8?
2766
What is 2212 (base 5) in base 14?
17d
What is 1110011011 (base 2) in base 13?
560
Convert -8e (base 15) to base 10.
-134
Convert -101001000001 (base 2) to base 9.
-3536
What is 1022 (base 9) in base 4?
23231
Convert 2918 (base 10) to base 14.
10c6
What is -9b3 (base 14) in base 16?
-781
What is -889f (base 16) in base 10?
-34975
Convert -10111100 (base 2) to base 7.
-356
-2603 (base 8) to base 5
-21121
18c (base 16) to base 15
1b6
What is -334 (base 10) in base 16?
-14e
What is -1559 (base 13) in base 10?
-3116
Convert -3301 (base 10) to base 6.
-23141
-1020 (base 15) to base 11
-2616
Convert 440f (base 16) to base 10.
17423
Convert 6e5c (base 16) to base 15.
8587
What is 11320 (base 4) in base 3?
111221
Convert -10248 (base 9) to base 16.
-1a6f
Convert 800 (base 9) to base 4.
22020
Convert -222220 (base 3) to base 10.
-726
1000110100110 (base 2) to base 9
6170
20a3 (base 12) to base 15
10d9
What is 72175 (base 9) in base 8?
134656
Convert -a881 (base 12) to base 16.
-4861
Convert -222201100 (base 3) to base 7.
-110532
What is -302114 (base 5) in base 11?
-7291
Convert -14156 (base 7) to base 3.
-12022002
What is -1326 (base 13) in base 10?
-2736
Convert 201001 (base 4) to base 3.
2220021
Convert 70 (base 8) to base 10.
56
Convert 1355 (base 6) to base 11.
2a7
-c0c (base 13) to base 6
-13240
Convert -503 (base 6) to base 8.
-267
-13232 (base 9) to base 12
-520b
296 (base 11) to base 7
1004
Convert -90 (base 10) to base 8.
-132
Convert -551 (base 8) to base 3.
-111101
-1123131 (base 4) to base 5
-141403
1131 (base 8) to base 2
1001011001
What is -ddd5 (base 15) in base 2?
-1011011110011000
What is -22221 (base 3) in base 8?
-361
283 (base 13) to base 5
3240
Convert b53 (base 14) to base 7.
6333
Convert 6236 (base 14) to base 3.
212012002
What is -5064 (base 8) in base 2?
-101000110100
10011010111 (base 2) to base 3
1200220
What is -4a0 (base 14) in base 5?
-12144
63311 (base 7) to base 6
200102
23001 (base 4) to base 7
2025
What is 340113 (base 5) in base 16?
2e84
Convert 1010010101000 (base 2) to base 9.
7225
What is -110000011000 (base 2) in base 10?
-3096
4c4 (base 14) to base 7
2534
What is -12233 (base 5) in base 6?
-4211
Convert 4244 (base 8) to base 14.
b40
250 (base 11) to base 6
1213
What is 4058 (base 9) in base 6?
21425
16263 (base 7) to base 15
156c
What is 2134 (base 7) in base 13?
466
What is 1363 (base 11) in base 2?
11011100011
What is -2244 (base 5) in base 4?
-11010
Convert -1222013 (base 4) to base 11.
-5114
bb5 (base 13) to base 10
2007
-101207 (base 8) to base 9
-50747
31836 (base 11) to base 6
554101
100320 (base 4) to base 8
2070
Convert 54115 (base 6) to base 16.
1cdf
c669 (base 15) to base 13
1612b
-c974 (base 13) to base 10
-27980
Convert 2ba0 (base 12) to base 13.
246c
221006 (base 7) to base 8
113555
Convert 1165 (base 9) to base 4.
31211
Convert -1231203 (base 5) to base 10.
-23928
Convert -676 (base 11) to base 4.
-30221
-33030 (base 4) to base 10
-972
Convert -40c6 (base 14) to base 5.
-324100
380 (base 15) to base 3
1002110
What is 101020000 (base 3) in base 7?
30504
552 (base 6) to base 15
e2
Convert 10622 (base 15) to base 5.
3131012
What is 1110111111 (base 2) in base 4?
32333
-1001 (base 9) to base 14
-3a2
Convert 274 (base 13) to base 6.
2001
14352 (base 6) to base 12
13b8
Convert -29321 (base 11) to base 7.
-232264
4 (base 12) to base 10
4
What is 13541 (base 6) in base 8?
4145
Convert 2113112 (base 4) to base 3.
111021202
Convert -2344 (base 6) to base 8.
-1070
Convert 112221110 (base 3) to base 13.
4c5c
Convert 144388 (base 9) to base 11.
60574
What is -11010010110110 (base 2) in base 4?
-3102312
Convert -134325 (base 7) to base 11.
-18216
What is 10515 (base 7) in base 11?
1aa7
What is 746 (base 9) in base 12?
429
What is -a33 (base 11) in base 5?
-14441
What is -38b (base 12) in base 13?
-326
What is -121110 (base 4) in base 10?
-1620
604 (base 10) to base 5
4404
-442420 (base 5) to base 4
-3300000
Convert -18299 (base 13) to base 8.
-133011
What is 6133 (base 11) in base 13?
3925
What is -12353 (base 6) in base 10?
-1869
Convert -399 (base 11) to base 8.
-727
1332333 (base 4) to base 11
6119
Convert -393 (base 11) to base 14.
-253
-536 (base 16) to base 2
-10100110110
What is 325 (base 12) in base 14?
24d
-20201 (base 3) to base 7
-346
What is 93 (base 13) in base 12?
a0
Convert -b1 (base 13) to base 14.
-a4
What is 431 (base 15) in base 2?
1110110010
Convert 815 (base 14) to base 5.
22322
What is 2c2 (base 15) in base 6?
2532
Convert 6513 (base 11) to base 10.
8605
-33141 (base 5) to base 16
-8f8
What is -1930 (base 10) in base 8?
-3612
Convert a0a0 